*w, -6 = 2*w. Let m = u + -1. What are the prime factors of ((-6 - -3) + 2)*m?
2, 3
Suppose 3*c + 2*r - 4*r = 116, 79 = 2*c - 3*r. Let n = c + -36. What are the prime factors of n?
2
Suppose -3*t = -5*o - 3449, 5*t - 3760 = 4*o + 1984. Suppose -8*n + n = -t. List the prime factors of n.
2, 41
Suppose 0*h = d + 3*h - 4, 2*h = 0. Let f = -53 + 74. Let i = f + d. What are the prime factors of i?
5
Suppose 39 + 1145 = 32*c. List the prime factors of c.
37
Let r(g) = g + 62. What are the prime factors of r(-9)?
53
Let h be (-2 + 9)*18/(-3). Let i = 105 + -20. Let o = h + i. What are the prime factors of o?
43
Let j(f) = f**2 - 10*f + 22. Let v be j(7). Let r(b) = 304*b**2 - 3*b + 2. List the prime factors of r(v).
3, 101
Let k be (2 + 1 + -18)/((-7)/7). Suppose -2*v = -5*u + k, 3*v - 25 = u - 3*u. What are the prime factors of v?
5
Suppose 0 = -9*b + 9 + 9. Let s(p) = 14*p + 3. What are the prime factors of s(b)?
31
Let s = -218 - -347. Suppose -s = -12*i + 9*i. What are the prime factors of i?
43
Let v be 40/8 - (-14)/2. What are the prime factors of 9/v*-2 + (-268)/(-8)?
2
Let v(b) = -36*b - 32. What are the prime factors of v(-12)?
2, 5
Let t(s) = -1821*s - 17 + 1811*s + 2. What are the prime factors of t(-12)?
3, 5, 7
Let p = -134 - -25. Let w = p - -253. List the prime factors of w.
2, 3
Suppose 5*b = b + 16. Suppose -15 = -b*y + y. Suppose -3*a + 54 = z + 4*z, -2*z - 59 = -y*a. List the prime factors of a.
13
Let f = 7416 + -2981. List the prime factors of f.
5, 887
Suppose -13*o - 16 = -15*o. Suppose 355 = o*y - 3*y. What are the prime factors of y?
71
Suppose 5*c = c + 16. Suppose -56 = c*n - 8*n. What are the prime factors of n?
2, 7
What are the prime factors of ((-1893)/(-12) + -3)*4?
619
Let y = -3384 - -4909. What are the prime factors of y?
5, 61
Let f(p) = p**3 - 7*p**2 + 6*p - 6. Let g be f(6). Let u(o) = -12*o**3 - 8*o**3 - 5*o**2 - 2*o + 19*o**3 - 5. List the prime factors of u(g).
43
Let i(g) = 140*g + 367. List the prime factors of i(20).
3167
Let g = 3369 + -1679. What are the prime factors of g?
2, 5, 13
Let t be -5*(2 - 0/(-1)). Let l = 14 - t. List the prime factors of l.
2, 3
Let i be (-32)/(-14) - (-18)/(-63). Suppose -g - 105 = i*g. What are the prime factors of 4/(-10) + (-1169)/g?
3, 11
Suppose 4*g = n + 2*g + 14, 3*n - 3*g = -36. Let p = n + 30. Let i = 33 - p. What are the prime factors of i?
13
Suppose 361 = 14*q - 3503. List the prime factors of q.
2, 3, 23
Suppose 5*m - 4870 = -4*j, 3*m - 3*j - 645 - 2277 = 0. List the prime factors of m.
2, 487
Let m(l) = -30 - l**3 + l**2 + 5*l**2 + 33 - l**2 + 6*l. What are the prime factors of m(-3)?
3, 19
Let h be 1 + (-7 - -4) - -6. Suppose -h*v + 3*v + 22 = 0. What are the prime factors of v?
2, 11
Suppose 43*n = 52*n - 8199. What are the prime factors of n?
911
Let w be -2 + (-46)/2 + -2. Let n = 41 + w. List the prime factors of n.
2, 7
Suppose 3*n - 80 = 5*n. Let k = 18 + n. Let w = 35 + k. What are the prime factors of w?
13
Suppose 6*t - t + n + 13 = 0, 4*t + 4*n + 4 = 0. Let m(j) = j**3 + 8*j**2 + 2*j - 1. List the prime factors of m(t).
2, 19
Suppose 2*x - 602 - 256 = 0. What are the prime factors of x?
3, 11, 13
Let f(u) = 2*u**3 - 44*u**2 + 8*u + 17. List the prime factors of f(22).
193
Suppose 20 = -2*g + 6*g. Suppose -13 = b - g*o, 4*b = 7*b - o - 31. Let v = b + -6. List the prime factors of v.
2, 3
Suppose -38 = 3*k - 26. Let m be ((-2)/k)/(3/(-6)). List the prime factors of -2 + (34 - 2) - m.
31
Let w be 10/2*(-12)/10. Let o be w*((-9)/3)/6. Suppose -o*n + 116 = -2*c, -n + c + c = -40. What are the prime factors of n?
2, 19
Let i(o) = o**3 + 8*o**2 - 4*o - 12. Let j(a) = -8*a**2 + a + 1. Suppose 0 = -4*x - z - 4, 0 = -6*z + z. Let v be j(x). What are the prime factors of i(v)?
2, 5
Suppose -4*j + 0*j = -1300. Suppose 0 = 10*t - 5*t - j. List the prime factors of t.
5, 13
Suppose -5*h = -2*y + 5*y - 4, 0 = -h + 4*y + 10. Let v = 6 - h. Suppose -3*u + v*d - 3*d + 122 = 0, 5*u = -3*d + 180. What are the prime factors of u?
3, 13
Suppose -3*m = 0, -3*x + m = 3*m - 6. Suppose x*o = -3*o + 90. Suppose p = -2*p + o. What are the prime factors of p?
2, 3
Let c(t) = t + 7. Let h be c(-3). Suppose -y = y - h. List the prime factors of (56 + 4)*y/3.
2, 5
Let j(x) = -27*x + 43. What are the prime factors of j(-6)?
5, 41
Suppose 0 = 3*r - 406 - 1169. What are the prime factors of r?
3, 5, 7
Let g = -1 + 5. Suppose 0 - g = 2*p. List the prime factors of (p/3)/((-18)/1296).
2, 3
Let y = -474 + 791. Suppose -6*b - p = -4*b - 210, 3*b = -p + y. List the prime factors of b.
107
Let l = 504 + -350. List the prime factors of l.
2, 7, 11
Let u(x) = -36*x**3 - 6*x**2 + 8*x + 11. List the prime factors of u(-3).
5, 181
Let t be ((15/6)/(-1))/((-1)/8). Suppose 0 = -5*v - t, -s + 3*v = 7*v - 227. What are the prime factors of s?
3
Let w be 15 + (0 - (-9)/(-3)). Suppose o - 3*y + 5 = 0, -2*y + w = 2*y. Suppose -3*z + 31 = 6*k - o*k, -3*k + 19 = -z. What are the prime factors of k?
2
List the prime factors of (-47370)/(-18) - (-10)/(-15).
3, 877
Suppose -2*u + 6 = -r - 0*u, 0 = -r - 4*u - 24. Let g(c) = c**2 + 8*c - 16. List the prime factors of g(r).
2
Suppose 0 = 2*y + 6, -d = -3*d - 2*y + 4. Suppose -2*t + 34 = 2*k - 4*t, t + 89 = 5*k. Let o = k - d. What are the prime factors of o?
13
Let g = 167 + 203. Suppose -p = -3*a - 80, 5*p = 3*a + g + 54. List the prime factors of p.
2, 43
Suppose -2*v + 23 = -9. Let k = v + -20. List the prime factors of 8*k/(16/(-15)).
2, 3, 5
Let c = -410 - -801. What are the prime factors of c?
17, 23
Let c(p) = 46*p**2 - p. Let r be (0 - (-4)/(-3))*3. Let u be (5 + r + 0)/(-1). List the prime factors of c(u).
47
Let f = 815 + -812. Suppose -404 = b - 5*b. Suppose f*l = 31 + b. List the prime factors of l.
2, 11
Let n be (-1 + (-39)/(-21))*-14. What are the prime factors of (((-573)/2)/(-3))/(n/(-24))?
191
Let j be (-4)/(124/44 - 3). Let b = 54 - j. Suppose -4*r + 3*g - b = -5*r, -r = -5*g. List the prime factors of r.
2, 5
Suppose 8739 = 5*o + 4*i, 30*i + 5246 = 3*o + 35*i. What are the prime factors of o?
1747
Suppose 4*o = -0*o + 2*x + 12, -2*x = 0. Let n(g) be the third derivative of 7*g**4/24 + 2*g**2. What are the prime factors of n(o)?
3, 7
Suppose 0 = -3*h + 6. Let q(a) = -a**2 + 7*a - 1. Let c be q(6). Suppose -h*r + c = -1. List the prime factors of r.
3
Let f(r) be the first derivative of r**4/2 - 5*r**3/3 + 3*r - 1. Suppose -10*j = 10*j - 80. What are the prime factors of f(j)?
3, 17
Let w(k) be the second derivative of 3*k**3/2 + 19*k**2/2 + 17*k. What are the prime factors of w(10)?
109
Let y(k) = k**3 + 4*k**2 + k - 2. Suppose 9 = 2*u - 5*u. Let s be y(u). Suppose 17 = s*z - 2*f - 27, 4*z - 4*f - 36 = 0. List the prime factors of z.
13
Suppose 3*v + 36 = -9. List the prime factors of 3/(v/(-80))*2.
2
Suppose 325 = -3*o + 7. Let q = o + 182. Suppose 5*v + q = 231. What are the prime factors of v?
31
Let m = -13 + 16. Suppose -6*q = -m*q. Suppose q = 3*z - 3*k - 51, 3*k + 20 = z - k. What are the prime factors of z?
2
What are the prime factors of (2914/8)/((-13 - -21)/32)?
31, 47
Suppose -48468 = -66*f + 24*f. What are the prime factors of f?
2, 577
Let l(g) = -g**2 + 12*g + 5. Let z be l(11). Suppose -9 = 4*q - 3*r, 0*q - 2*r = q + z. What are the prime factors of 474/18 - (-2)/q?
2, 13
Let m = -24 + 27. Suppose 46 = -m*u + 265. What are the prime factors of u?
73
Suppose 86*d + 6645 = 89*d. What are the prime factors of d?
5, 443
Let k(g) = -g**2 + 7*g + 6. Suppose -c + 17 - 7 = 0. Let u be k(c). List the prime factors of u/(-108) - (-500)/18.
2, 7
Let a be (-16)/(-6)*41*12/16. Suppose -z + 0*z + 4*r + a = 0, 2*z + 5*r = 112. List the prime factors of z.
2, 3, 11
Let u(n) be the third derivative of n**6/120 + n**5/6 - 7*n**4/12 + n**3/3 - n**2 - 58. Let p = 1 + -12. What are the prime factors of u(p)?
5, 7
Let q(s) = 3*s. Let v be q(-5). What are the prime factors of (-1326)/v + (-3)/(-5)?
89
Let n = -7 + 11. Let u(t) = -48*t - 1. Let x be u(-1). Let j = n + x. What are the prime factors of j?
3, 17
Let h = 81 - -67. What are the prime factors of h?
2, 37
Let w = -437 - -643. What are the prime factors of w?
2, 103
Let k = 65 - 29. Let r = -23 + k. List the prime factors of r.
13
Let m = -28 - -7. Let q = -17 - m. Suppose -q*r - 129 =